- 0)?
1
What is the value of -32 + 30 + (-3 - -1)?
-4
What is -33 + 23 + (1 - -7)?
-2
-2 + -1 + (2 - 4)
-5
Evaluate -5 + 3 + (-1 - -5 - 2).
0
What is (4 - 10 - 1) + 7?
0
What is the value of 3 + (4 - 3) - (14 + -7)?
-3
0 + 2 + -1 + -2
-1
0 + -3 + -3 - (6 - 6)
-6
6 - (7 + (2 + 1 - 5))
1
Evaluate 2 + 1 + (4 - 9).
-2
What is the value of 13 + (-11 - (11 + -9))?
0
-1 - -1 - (11 - 15)
4
Calculate (-19 - -16) + 1 + 1.
-1
Evaluate (1 - 1) + -26 + 21.
-5
What is the value of -4 + 0 + (3 - (4 + -4))?
-1
Evaluate 0 + (1 - (-3 + 0)).
4
Evaluate 0 + (-3 - (0 + 5 + -8)).
0
What is 4 - (-4 - 5) - (3 + 3)?
7
Calculate (-2 - -6) + (-2 - (-24 - -18)).
8
Evaluate (-216 - -224) + (-5 - (0 - 0)).
3
What is (-9 + 2 - (20 - 38)) + -7?
4
What is the value of (7 - 0) + (5 - 8) + -1?
3
What is the value of 9 - (3 + 1 + 0 + -2)?
7
Calculate 0 + 5 - (2 + -1) - 3.
1
Calculate 4 - (0 + (10 - 3 - 3)).
0
What is the value of -3 - (7 + -4) - -9?
3
1 + -1 + (-2 - -6)
4
Calculate 0 + 0 - -1 - -2 - -2.
5
2 + -3 - (15 - 12)
-4
What is 9 - 6 - (1 + 2)?
0
Evaluate -2 - (1 + 4 + -10).
3
-1 + 5 - (0 + 4)
0
What is 5 + -6 - (-1 - -3)?
-3
What is the value of 0 + -9 + 6 + 0?
-3
Evaluate 17 + -18 + (1 - 1).
-1
Calculate -12 + 5 + -2 + 7 + 6.
4
Evaluate -1 - -7 - (-15 + 13).
8
What is -8 + 0 + (3 - -3) + -3?
-5
Evaluate 1 + -4 + (41 - 35).
3
Calculate 4 + (4 - 2 - 4) + -6.
-4
Evaluate 14 + -1 + (10 - 23) + 11.
11
-1 + 0 - (6 - 3 - 6)
2
What is the value of 5 - (6 + 7) - -2?
-6
What is -8 + 12 - (-1 - -1)?
4
What is the value of -3 - (3 - 6) - -4?
4
Evaluate -5 + 10 + (4 - 6).
3
(6 - (0 + 2)) + 7 + -4
7
What is -38 + 54 - (1 + 11)?
4
-3 + (4 - 6) - -14
9
What is the value of -31 + 7 - (-15 + 1)?
-10
What is the value of -3 + (6 - (-5 + 16))?
-8
What is the value of (-11 - (8 + -8)) + 4?
-7
What is 2 + -3 - -5 - 4?
0
-1 - (2 - (4 + 4))
5
What is the value of -3 + -1 + 3 - 1?
-2
4 - (-3 + (3 - -2) - 0)
2
What is (7 + 3 - 3) + -2?
5
Calculate 4 - ((-4 - -2 - 2) + 3).
5
3 + (-4 - -3 - -1) - 3
0
Calculate 0 + -4 + (-3 - -6).
-1
Evaluate 4 + (-3 - -4) - (1 - -4).
0
-1 + 1 + -8 + 11 + -3
0
38 - 42 - (1 + -4)
-1
What is the value of 2 - (2 - 1) - -4?
5
11 + -9 + -6 + 10
6
Calculate -2 - (9 - 2 - (2 - -2)).
-5
What is -3 + (-4 - -14) - 5?
2
Calculate (6 - 12) + -5 + 4 + 0.
-7
What is the value of -2 + (5 - -5 - 8)?
0
-2 - (-6 + 5) - (-7 + 3)
3
What is 0 - (3 + 0 + 1 + -1)?
-3
6 + 1 - (4 + 5 + -4)
2
What is the value of (-77 - -63) + (5 - -1)?
-8
0 - ((-6 + -7 - -7) + 1)
5
Evaluate -6 + (-6 + 12 - 2) + 1.
-1
What is (3 - (1 + -4 + 2)) + -7?
-3
Evaluate (22 - 9 - 22) + (2 - -1).
-6
Calculate (2 - -1) + 27 + -28.
2
What is the value of -2 - (-5 - (7 + -6 - -2))?
6
What is the value of -4 - -6 - (4 + -7)?
5
Calculate 3 + 6 + 4 + -12.
1
What is the value of -2 - (0 + -4) - -4?
6
-6 + 1 + (-3 - -7)
-1
(-3 + -1 - -11) + -5
2
Evaluate -5 - (-9 - -7) - -5.
2
Calculate -12 - -15 - ((2 - 2) + 0).
3
Evaluate (-5 - 1) + 7 + -1.
0
2 + (4 - (6 + -2))
2
Calculate 5 + 0 + (-9 - -7) + -8.
-5
What is (2 - (-3 + 6)) + (5 - 1)?
3
What is -5 - (-6 + 5) - 1?
-5
What is the value of -1 + -3 - 1 - (-6 + 5)?
-4
Calculate -3 + (-5 - -5 - -5).
2
What is the value of 7 + -1 + -11 + 9?
4
2 + -4 + (2 - 3) + 2
-1
-3 + 7 - (3 + -2)
3
What is 0 + 3 + -1 + -9 + 10?
3
Calculate 12 + (8 - 14) + -9.
-3
What is the value of 3 + -4 + 1 + (0 - 0)?
0
14 + (-4 - 2) - 7
1
What is 5 + -8 + -1 + 2?
-2
What is the value of 109 + -92 + 0 + -10?
7
What is the value of -5 - (7 - 13 - (-5 + 0))?
-4
What is the value of (1 - -3) + (-5 - 5) + 5?
-1
Calculate -3 + 4 + -4 + -2.
-5
Evaluate 15 - (-5 - 3 - -3 - -11).
9
What is 11 + -9 - 11 - -1?
-8
Evaluate -5 - 6 - (-3 + -5 + 3).
-6
Evaluate 2 + 4 + (-8 - -8).
6
Evaluate -9 - 2 - (-11 + 6).
-6
8 + (-1 - 3 - -2 - 1)
5
Calculate 4 + -1 + 28 + -37.
-6
(-3 - -5) + 2 - 8
-4
Calculate 4 + 5 + (1 - 8).
2
Calculate 20 - 13 - (1 + 9).
-3
Calculate -2 + (-2 - -3) - -2.
1
Evaluate (-1 - 7) + 1 + 6.
-1
What is (-8 - -5) + (2 - (0 + 2))?
-3
What is the value of -6 + 29 + -10 - 10?
3
Evaluate -4 - (0 + 4 + -8 + 1).
-1
6 + (-3 - 11) + 6 + -8
-10
1 + 13 - (9 - 1)
6
Evaluate (3 - (1 + 2)) + -6.
-6
Evaluate 10 + (1 - 11 - -2).
2
Evaluate -1 + (5 - (5 + 3)).
-4
Calculate 2 - 2 - (-4 - -8) - 0.
-4
(8 - 4) + 3 + 1 + -12
-4
What is the value of 7 - (-7 - -5 - -5)?
4
What is (11 - -3) + -8 + -5?
1
Calculate -2 - (-1 + 9 + -4).
-6
What is -8 + -6 + 6 + 5?
-3
What is 0 + -5 - (3 - 7)?
-1
What is -1 + 2 - (-3 - (-1 + -2))?
1
(4 - 6 - 1) + 0
-3
Evaluate 0 + -8 + -4 + 2 + 2.
-8
What is -5 + -6 + 11 - (2 + -5)?
3
Evaluate 7 + 0 - 29 - -13.
-9
Calculate -2 + (2 - (1 - -2)).
-3
What is the value of 0 + (-1 - (7 + -5))?
-3
What is the value of 1 - (-13 - -16 - (-1 - -5))?
2
Evaluate 0 - (2 + (-8 - -3)).
3
Calculate -23 - -25 - (5 + 3 + -1).
-5
Calculate (-16 - -8 - -6) + -1.
-3
What is -9 - (-6 - 2 - 7)?
6
Evaluate -3 + (12 - -1) - 4.
6
What is the value of 3 + 5 + -8 + (3 - -1)?
4
Evaluate (-2 - (-4 + -5 - -1)) + -5.
1
-6 + (31 - 10) + -11
4
Calculate 15 + (1 + -8 - (-44 + 42)).
10
Calculate -2 + (-4 - -9) - -2.
5
What is -2 + (2 - (5 - 0))?
-5
What is the value of 2 + (2 - 6 - (-3 - 0))?
1
What is the value of 1 - -2 - (-1 - -3)?
1
Evaluate 3 + (4 + -5 - 0).
2
Calculate -7 + 1 - (-19 - (-9 + -1)).
3
What is the value of ((8 - 16) + 6 - 0) + 13?
11
Calculate 2 - -1 - (40 + -30).
-7
Calculate -8 - (-6 - (-2 - (1 - 3))).
-2
What is the value of 5 - (2 + -1 + (-21 - -25))?
0
-3 + -1 + 5 - (-26 + 30)
-3
What is 12 - 4 - 4 - 4 - 2?
-2
-17 - (-19 + (14 - 5))
-7
-8 + (-6 - -9 - 2)
-7
What is the value of 1 + 7 + 0 + -4?
4
What is -2 - (-7 + 0 - (-19 - -18))?
4
Calculate (3 + -5 - 1) + 1 - 3.
-5
Evaluate (-5 - (-4 + -1)) + 0.
0
0 + (-2 - (-4 - 0)) + -2
0
Calculate 6 - 4 - (8 - 0).
-6
What is 53 + -41 + -1 + -1?
10
Calculate -9 - (2 + 5 - 11).
-5
Calculate -4 - (3 + (1 - (3 + 0))).
-5
What is (-4 - 3 - -11) + -1?
3
1 + (5 - 10) - -12
8
2 + 1 + 2 + -5
0
What is the value of (-26 - -48) + -26 - (-1 - 14)?
11
What is the value of 4 + -32 + 28 - (-1 - -1)?
0
Calculate 1 + 0 + -5 + (-25 - -24).
-5
Evaluate 1 + 1 + 16 + -23.
-5
Evaluate -1 + -2 - (-17 - -17).
-3
What is the value of -2 - -6 - 3 - 2?
-1
What is the value of -4 + (-1 + 1 - (-5 + 3))?
-2
Calculate -6 - (-1 + (-1 - 4)) - 4.
-4
Evaluate -9 + 9 + (-2 + 0 - 3).
-5
6 + -12 + 9 - 8
-5
What is -3 + 1 + 13 + -7?
4
Calculate (-6 - -12) + -2 + 1 + -1.
4
Evaluate 2 + 2 + -8 + 3 + 4.
3
What is -1 + (6 - 4 - -1)?
2
What is 7 + -8 + 2 - 0?
1
Evaluate -8 - -4 - -6 - 3 - 1.
-2
What is the value of -1 + 0 + 3 + -2?
0
Calculate -6 + 5 + (1 - -3).
3
Evaluate 8 + (-20 - -6) + 8.
2
Calculate (-11 - 2 - -4) + (5 - 5).
-9
8 + (0 - -3 - (3 - 1))
9
-2 - (9 + (-2 - 4))
-5
Calculate -1 - (2 + 0 - -2).
-5
Evaluate -8 + -6 + 4 - -4.
-6
Calculate 1 - ((0 - (0 - 0)) + 0).
1
Calculate 7 - (-1 + 19 + -12).
1
Calculate -62 - -64 - (-3 - 0).
5
Evaluate (13 - 5) + -5 + -6.
-3
What is the value of -13 + 10 - ((-2 - 6) + 2)?
3
What is the value of -3 + -8 - -4 - -8?
1
Evaluate -5 - 0 - (-3 + 0).
-2
What is the value of -3 + -3 + (2 - -2) + 5?
3
Evaluate 2 + -8 + (-2 - -6) - 0.
-2
Calculate -7 + (2 - 0) + -5 + 5.
-5
(19 - (1 - -11)) + -5
2
Evaluate (3 - -1) + (5 - 14).
-5
What is the value of 5 - (-23 + 30 + -5 + 3)?
0
What is the value of 1 + 2 + 3 + 0 + -2?
4
What is the value of (-2 + 2 - 1) + -6 + 5?
-2
10 + (-2 - 1) - 4
3
8 + -7 + 9 - 20
-10
What is -3 + 10 + -3 + 2 - 2?
4
What is (-1 - (-6 - -8)) + 2?
-1
-17 + (-13 - (-1 - 27))
-2
Calculate -2 + 5 - ((2 - -2) + -3).
2
Evaluate 1 - (9 - (-2 - -7) - -4).
-7
Evaluate (-1 - -2) + (19 - 23).
-3
What is the value of -8 + (2 - 2) + 5?
-3
Evaluate 4 - 9 - 1 - -2 - 1.
-5
What is 2 + -2 + -8 + 0?
-8
Evaluate 1 + -1 + -29 + 25.
-4
Calculate 7 + -17 + 5 + 6.
1
What is the value of -8 + (-2 - (-3 - 3))?
-4
(-6 - (-7 - -4)) + 1 + 7
5
What is -4 - (-3 + 3 + -1)?
-3
What is -9 + (1 - -1) + 9?
2
What is 3 + -14 + -20 + 30?
-1
Evaluate 10 + -3 - (2 - -5).
0
Calculate -2 + (-8 - (0 - (1 - -4))).
-5
What is (6 - (1 + -4)) + -6 - 4?
-1
Calculate -2 + 18 + -12 - 11.
-7
1 + 4 + -46 + 47
6
What is (8 - (12 - 5)) + (-2 - -3)?
2
What is the value of 1 - (-6 + (6 - -1))?
0
What is the value of -8 - (-5 - -1 - -4)?
-8
Calculate 5 - (-4 - (-2 - 2)).
5
Evaluate -5 + (6 - 5 - -2).
-2
Calcul